-420 + 444).
3
Evaluate (17 - (48 + -8)) + 15 + 19.
11
Evaluate (-8 - (-25 - -7)) + -7 + -1.
2
What is the value of (5 - -1) + 0 - (-86 + 65 - -33)?
-6
Calculate 8 + -3 - (-125 - -130).
0
What is 6 - -1 - (13 + -11)?
5
-2 - (22 - (21 + -8))
-11
What is the value of 1 + (35 - 26) + -34?
-24
What is the value of -7 + (0 - 0) - 1 - (-162 - -166)?
-12
(2 - 12) + (2 - 17) + 16 + 22
13
What is the value of -9 + (4 + 0 - (-38 - -33))?
0
What is 3 + (-3 - -12) + (49 - 57)?
4
Evaluate 0 - (10 + (2 - -1 - 11) + -7).
5
Calculate -1 - (-6 - (-11 + 12)).
6
Calculate 24 + (12 - 36) + 24.
24
What is the value of -8 - -2 - (53 - 41)?
-18
Calculate 20 + (-49 - (-28 + 3)).
-4
-12 + 0 + 1 + (6 - (-13 - -19))
-11
-1 + 1 + -15 + 0 + 15
0
Calculate (0 - (-1 - -1)) + (25 + 0 - 20).
5
-5 + 8 + -1 + (-5 - 5) + 6
-2
Evaluate (2 - (4 + -1)) + 0 + 7 + -5.
1
(-5 - -4) + 9 + -4 + 2 + -5
1
What is (2 - (-1 + 3)) + -30 + -5 + 42?
7
Evaluate 27 - 68 - -38 - (-3 + 6 - 1).
-5
24 + (7 - (24 + -2))
9
What is the value of 11 + (0 - 28) + (7 + -12 - -3)?
-19
Calculate -17 + -14 + 4 + (5 - -6).
-16
3 + (36 - 44) + -4 + -2
-11
Evaluate 9 - (-14 - (4 - 12)).
15
Calculate 3 + 0 + 5 + (8 - 4 - 0).
12
What is the value of -8 + (10 - 10) + 11 - 1?
2
Evaluate 0 + 3 - 1 - (-1 + 8).
-5
Evaluate 7 + -12 + 4 - (-9 - -4 - -9).
-5
What is 15 - 0 - (21 + -7 - 17)?
18
Calculate (-1 + 7 - 0) + -5 - -13.
14
What is (25 - (28 - 8)) + 2 + 6 + 0?
13
-1 + (-1 - 2) + (-599 - -608)
5
What is 1363 + -1347 + (1 - (-1 + 1 - -6))?
11
What is -23 + 30 - (-3 + (-3 - (4 - 25)))?
-8
6 + (-1 - -3) + -13 + 26
21
Evaluate -12 - (-6 - (-6 - -13)).
1
Evaluate 7 - ((7 - (-9 - 0)) + 1 + 0).
-10
Evaluate -117 - -101 - (-11 - 2).
-3
What is (6 - -1 - -2) + (-10 - -10) - 4?
5
What is the value of 16 + (-1 - (-14 - -25))?
4
What is the value of (5 - (-1 - -15)) + -3 - 0?
-12
-46 - ((-21 - (-4 + -6)) + -2 + 6)
-39
Evaluate -26 + 10 + (-7 - -4).
-19
What is the value of (417 - 430) + (0 - (2 + -3))?
-12
Evaluate (-17 - -31 - 10) + -15.
-11
What is the value of -5 - -9 - 3 - (-10 + 0 + 4)?
7
What is (-7004 - -7011) + (1 - (0 + 1) - 22)?
-15
What is the value of -13 - -30 - 18 - 20?
-21
Evaluate 23 + 1 + -12 + -4.
8
Evaluate 15 + (-10 - -8) - 11.
2
Evaluate (-2 - -14) + (-12 - -6 - (3 - 9)).
12
Evaluate -20 - -15 - (2 + 12).
-19
What is -1 + -10 - (37 - 35)?
-13
(-6 - -3) + 2 + (-168 - -155)
-14
8 - (0 + -3) - (7 + (0 - 6))
10
Evaluate -13 + 3 + (1 - (1 + (0 - -3))).
-13
Calculate 50 - ((10 - 18) + 42).
16
Evaluate (-1 - 10 - -9 - 9) + 8.
-3
Evaluate 29 + -28 + 0 + -7 - -3 - 6.
-9
Evaluate 0 - (1 + -1) - (-22 - (8 + -11)).
19
11 - (35 + 1 + (-6 + -1 - -12))
-30
What is (-13 - -5) + 22 + (-75 - -60)?
-1
Evaluate (3 + 1 - 11) + 15 + 4.
12
What is 4 + 9 + -27 - -18?
4
Evaluate (-2 - -1) + 0 + -3 + -214 + 216.
-2
(22 + -6 - 24 - 2) + -9
-19
Evaluate -25 + 1 + (-8 - (-20 - (-10 - -4))).
-18
Calculate (3 - 6 - (-4 + 1)) + 7 + -25.
-18
Evaluate (-8 - -6) + (4 - (-3 - -5)).
0
Calculate 3 - (2 + -5 + 16).
-10
25 - (25 + -7 + -4)
11
What is (-18 - -1) + 7 + -13 + (8 - -3)?
-12
What is the value of (5 + 11 - (46 - 26)) + 26?
22
What is -16 - (-19 + 17) - -6 - 4?
-12
Evaluate -30 - (1 + -1 + 210 + -218).
-22
-3 + -1 - -2 - (-9 + 4 + 12)
-9
(41 - 61) + -2 + 30
8
What is -6 + (3 - (-1 - -2)) + -1 + 5?
0
What is (-23 - -7) + 22 - 11?
-5
Calculate (-21 - -16) + -7 - -3 - -7.
-2
What is the value of (-94 - -88) + (24 + 2 - 4)?
16
Calculate -12 + (19 - (17 + (6 - 12))).
-4
Calculate (3 + -51 - -9) + 0 + 11.
-28
Evaluate -33 + 23 - -10 - 28.
-28
Evaluate -17 - ((-5 - 0 - -4) + -8).
-8
Calculate 3 + -8 - (7 + -17).
5
What is (-15 - -13) + 23 + (-2 + -2 - -6)?
23
What is (1 - 0) + -12 + (-24 - -29) + 3?
-3
1 - (-22 + 21 + -22)
24
What is the value of 2 + (0 - 0) + (15 - 15)?
2
What is the value of 0 + -2 + -1 + -12?
-15
What is the value of -19 - 9 - (-7 + 1) - -8?
-14
What is -10 + -21 + -1 - (-2 - 5 - -1)?
-26
Calculate 54 + (16 + -26 - 28).
16
Evaluate -10 + (9 - 4) + 29 + -9.
15
Evaluate -2 - ((-1 - (-9 - 0)) + -40 + 24).
6
What is -5380 + 5385 - (-2 + 17 + -2)?
-8
What is -8 - ((6 - 47) + (6 - (-5 + 8)))?
30
Calculate -15 + 21 + -7 - 1.
-2
(-8 + 2 - 1) + (48 - 9 - 0)
32
What is 14 - (-12 - -26) - -7?
7
What is (-14 + 16 - -13) + -15?
0
Calculate 5 + 0 + -4 + -3 - -1 - 6.
-7
What is the value of 61 + -39 + (0 - 0) + -6 - -2?
18
What is 0 - 6 - (-1 + -2) - (27 + -36)?
6
What is the value of 2 + (10 - 22) - 1 - (-2 - -10)?
-19
Evaluate 22 + (2 - (9 + (7 - 1))).
9
Calculate -23 + 12 + (5 - (0 + 3)).
-9
(5 - (-7 - -3)) + (-2 - -1)
8
What is the value of -2 + 1 + -1 + (-4 - (6 + -1))?
-11
-9 + (5 + 3 - (-5 - (-16 + 8)))
-4
Calculate 0 + 7 + -4 + 9 + -5 + 1.
8
-7 - (6 - -14 - 42)
15
Calculate (1 - 4 - -6 - (7 - 10)) + -12.
-6
What is (-5 - (2 - (-37 + 7))) + 7 - -7?
-23
Calculate (5 - (18 + 11)) + (-4 - -10).
-18
(1 - (10 - 17)) + -2 + (-2 - 1)
3
6 + -8 - (-5 - -6) - 3
-6
Evaluate -20 - (8 - (-11 + 24 + 8 + -12)).
-19
Calculate 3 + 0 - (-2 - (10 - 8)).
7
Evaluate (-16 + 4 - -4) + -21 + 6.
-23
Evaluate 8 + 0 + (-8 - -11) + -4.
7
What is -12 + 2 - (15 + -6 + -10)?
-9
Calculate -141 - -144 - (1 + 6).
-4
Calculate 0 + -26 - ((-18 - -1) + 4).
-13
-19 - 2 - (160 - 149)
-32
What is the value of (-5 - (-8 + -3)) + 2 + -9 + 4?
3
What is the value of (-1 - -11 - 4) + (-15 - (-6 - -2))?
-5
What is -1 - -8 - (-23 + 29 + -8 + -1)?
10
What is the value of -24 + 33 + -8 + -1 + 9?
9
-7 + (1 - 2) - (-24 + 26 + -1)
-9
Calculate -9 + 8 - -3 - 3.
-1
Calculate (15 - -1) + (601 - 600).
17
What is the value of 13 + (-4 - (19 - 16))?
6
What is the value of -5 - (15 - (13 + 2))?
-5
Calculate -34 + -20 + (30 - -23).
-1
Calculate (4 - (0 - 1)) + (-157 - -148).
-4
What is the value of 11 + (0 - (16 + -9)) + (-6 - -1)?
-1
Calculate -3 - -19 - 5 - 13.
-2
Calculate -40 - (9 - 37) - (-3 + 11).
-20
Evaluate 29 + -6 + 18 + -23.
18
3 - (0 - -6 - (-1 + -1 + -1))
-6
-11 - (12 + -6) - (-23 + 25)
-19
Calculate 2 - (5 - -6) - (-27 - (-13 + 16)).
21
(39 - (100 - 73)) + (-1 - -6)
17
Calculate 2 - -25 - (-722 + 718).
31
What is the value of (-5 - -1) + (-9 - ((4 - 10) + -4))?
-3
Evaluate -2 + -13 - (-23 - -20).
-12
What is the value of 6 - (9 - (6 - 5 - 6 - 12))?
-20
Calculate -18 - (8 + -38) - 10.
2
What is the value of -16 + -40 + 44 + -1 + 1?
-12
Calculate -7 + 3 + 48 + -54.
-10
What is the value of 0 + -3 - (-2 + -12 + (-27 - -43))?
-5
(3 - 11 - (-2 - 1)) + (-7 - -14)
2
(6 - 23) + 17 + (0 - -10)
10
-18 + (-1 - 0) - (90 + -98)
-11
What is -8 + (-5 - (-23 + (0 - -7)))?
3
What is the value of 12 + (-17 - (1 - 18))?
12
Calculate 9 - (1 - (-23 + 34)).
19
Evaluate 9 - 4 - ((-2 - 2) + 3) - -10.
16
Calculate 18 - 0 - (157 - 141).
2
(4 - 5) + 10 + (-26 - -7)
-10
What is -9 + -17 + 19 + 19?
12
7 + (6 - 7) - -6
12
Calculate 11 - -8 - 37 - -30.
12
Evaluate 29 + -1 - (-656 + 654).
30
22 - (-38 + 24 - -17)
19
What is the value of -2 + (2 - (19 - 22 - (1 + -4)))?
0
(-7 - (5 - 19)) + (11 - 10)
8
What is -11 + (-9 - (-15 + 6 - 8))?
-3
What is the value of 501 + -543 + -4 + 49?
3
Calculate -14 + 3 + 7 + -3 - -25.
18
Evaluate 2 + -8 + (1 - 3) + -238 + 265.
19
What is -8 - ((-4 - 1) + 4 + -3)?
-4
What is the value of (-12 - -3) + (55 - 47 - (-2 - -7))?
-6
What is -20 - 0 - (473 - 491)?
-2
Evaluate (6 - (4 + 7) - (-13 + 11)) + 5.
2
Calculate (81 - 77) + (-15 - (1 - 1)).
-11
What is the value of 0 - (-1 + (-17 - -13))?
5
What is -12 - (-30 - (0 + -9))?
9
Calculate (9 + (-12 - 3) - -15) + 4 + 11.
24
Evaluate -3 - -1 - (128 + -73 - 37).
-20
-7 - (-13 + 10) - -15
11
What is the value of -770 - -735 - (1 - 26)?
-10
Evaluate (5 + 1 - (82 + -81)) + -18.
-13
Evaluate 6 + 1 + 3 + -14 + (1 - -8).
5
What is the value of 5 - (-17 - (4 - 16))?
10
Evaluate -9 - ((3 - 4) + 6) - -38.
24
Evaluate (85 - 85) + ((1 - -1) + -1 - 1).
0
What is 9 + (1 - 5 - -2) - 7?
0
Calculate 11 + -13 + -35 + 21.
-16
What is 2 + 9 + -1 + 5 - 8?
7
What is -1 + (12 - 3) + -14?
-6
What is -2 - ((1 - 2) + (-13 - -10)) - 6?
-4
What is the value of 5 + 12 + (7 - 18)?
6
6 - (9 - (-5 - -9 - 0))
1
Evaluate 21 - ((-10 - -14) + (-1 - 8)).
26
Evaluate -4 + 6 + 11 + -23.
-10
What is 9 - (-5 + (-4 + -5 - 0) + 12)?
11
What is the value of -10 + (3 - (-5 + 0 + 6))?
-8
Calculate -16 + (33 - 0) - 5.
12
Evaluate 2 + -1 + 1 + 0 + 26 + -28.
0
-2 + (0 - -2) - (-1